{"id":75,"date":"2014-12-16T19:36:10","date_gmt":"2014-12-16T19:36:10","guid":{"rendered":"http:\/\/usvl.sav.sk\/wp\/?page_id=75"},"modified":"2024-02-16T22:33:29","modified_gmt":"2024-02-16T22:33:29","slug":"o-nas","status":"publish","type":"page","link":"https:\/\/usvl.sav.sk\/wp\/?page_id=75","title":{"rendered":"O n\u00e1s"},"content":{"rendered":"<p>\u00dastav svetovej literat\u00fary SAV, v. v. i.<\/p>\n<ul>\n<li>orientuje sa na z\u00e1kladn\u00fd v\u00fdskum v oblasti te\u00f3rie literat\u00fary, porovn\u00e1vacej liter\u00e1rnej vedy a translatol\u00f3gie;<\/li>\n<li>venuje sa v\u00fdskumu liter\u00e1rnych smerov, \u017e\u00e1nrov a kult\u00far, ako aj dejin\u00e1m recepcie inon\u00e1rodn\u00fdch literat\u00far na Slovensku;<\/li>\n<li>zameriava sa na dial\u00f3g o s\u00fa\u010dasn\u00fdch v\u00fdskumn\u00fdch t\u00e9mach s pr\u00edbuzn\u00fdmi discipl\u00ednami predov\u0161etk\u00fdm v r\u00e1mci humanitn\u00fdch vied;<\/li>\n<li>do vedeckov\u00fdskumnej \u010dinnosti sa zap\u00e1jaj\u00fa aj \u0161tudenti a \u0161tudentky <a href=\"https:\/\/usvl.sav.sk\/wp\/?page_id=235\">doktorandsk\u00e9ho \u0161t\u00fadia<\/a>, ktor\u00e9 sa realizuje v spolupr\u00e1ci s Filozofickou fakultou Univerzity Komensk\u00e9ho v Bratislave v odbore Filol\u00f3gia \u0161tudijnom programe Liter\u00e1rna veda;<\/li>\n<li>spolupracuje s partnersk\u00fdmi in\u0161tit\u00faciami na Slovensku, ako aj v zahrani\u010d\u00ed &#8211; patria k nim spolo\u010denskovedn\u00e9 pracovisk\u00e1 SAV, dom\u00e1ce a zahrani\u010dn\u00e9 univerzity a vedeck\u00e9 in\u0161tit\u00facie, zahrani\u010dn\u00e9 zastupite\u013estv\u00e1 a kult\u00farne in\u0161tit\u00faty, spisovate\u013esk\u00e9 organiz\u00e1cie, liter\u00e1rne a kult\u00farne spolo\u010dnosti a pod.;<\/li>\n<li>neoddelite\u013enou s\u00fa\u010das\u0165ou vedeckov\u00fdskumnej \u010dinnosti \u00fastavu je aj propag\u00e1cia liter\u00e1rnej kult\u00fary a vzdelanosti na dom\u00e1cich i zahrani\u010dn\u00fdch f\u00f3rach &#8211; viacer\u00ed vedeck\u00ed pracovn\u00edci a pracovn\u00ed\u010dky \u00fastavu p\u00f4sobia aj v oblasti odborn\u00e9ho a umeleck\u00e9ho prekladu;<\/li>\n<li>je miestom slobodn\u00e9ho b\u00e1dania a spolo\u010densky relevantn\u00fdch diskusi\u00ed o r\u00f4znych aspektoch literat\u00fary pre \u0161ir\u0161iu dom\u00e1cu a zahrani\u010dn\u00fa vedeck\u00fa komunitu &#8211; s t\u00fdmto cie\u013eom pravidelne organizuje verejne pr\u00edstupn\u00e9 predn\u00e1\u0161ky humanitn\u00fdch vedcov a vedk\u00fd\u0148 zo Slovenska aj zahrani\u010dia;<\/li>\n<li>vyd\u00e1va medzin\u00e1rodn\u00fd vedeck\u00fd open access \u010dasopis <a href=\"https:\/\/wls.sav.sk\/\">World Literature Studies<\/a>.<\/li>\n<\/ul>\n","protected":false},"excerpt":{"rendered":"<p>\u00dastav svetovej literat\u00fary SAV, v. v. i. orientuje sa na z\u00e1kladn\u00fd v\u00fdskum v oblasti te\u00f3rie literat\u00fary, porovn\u00e1vacej liter\u00e1rnej vedy a translatol\u00f3gie; venuje sa v\u00fdskumu liter\u00e1rnych smerov, \u017e\u00e1nrov a kult\u00far, ako aj dejin\u00e1m recepcie inon\u00e1rodn\u00fdch literat\u00far na Slovensku; zameriava sa na dial\u00f3g o s\u00fa\u010dasn\u00fdch v\u00fdskumn\u00fdch t\u00e9mach s pr\u00edbuzn\u00fdmi discipl\u00ednami predov\u0161etk\u00fdm v r\u00e1mci humanitn\u00fdch vied; do vedeckov\u00fdskumnej &hellip; <a href=\"https:\/\/usvl.sav.sk\/wp\/?page_id=75\" class=\"more-link\">Pokra\u010dova\u0165 na <span class=\"screen-reader-text\">O n\u00e1s<\/span> <span class=\"meta-nav\">&rarr;<\/span><\/a><\/p>\n","protected":false},"author":1,"featured_media":0,"parent":0,"menu_order":0,"comment_status":"closed","ping_status":"open","template":"","meta":{"footnotes":""},"class_list":["post-75","page","type-page","status-publish","hentry"],"_links":{"self":[{"href":"https:\/\/usvl.sav.sk\/wp\/index.php?rest_route=\/wp\/v2\/pages\/75","targetHints":{"allow":["GET"]}}],"collection":[{"href":"https:\/\/usvl.sav.sk\/wp\/index.php?rest_route=\/wp\/v2\/pages"}],"about":[{"href":"https:\/\/usvl.sav.sk\/wp\/index.php?rest_route=\/wp\/v2\/types\/page"}],"author":[{"embeddable":true,"href":"https:\/\/usvl.sav.sk\/wp\/index.php?rest_route=\/wp\/v2\/users\/1"}],"replies":[{"embeddable":true,"href":"https:\/\/usvl.sav.sk\/wp\/index.php?rest_route=%2Fwp%2Fv2%2Fcomments&post=75"}],"version-history":[{"count":12,"href":"https:\/\/usvl.sav.sk\/wp\/index.php?rest_route=\/wp\/v2\/pages\/75\/revisions"}],"predecessor-version":[{"id":7776,"href":"https:\/\/usvl.sav.sk\/wp\/index.php?rest_route=\/wp\/v2\/pages\/75\/revisions\/7776"}],"wp:attachment":[{"href":"https:\/\/usvl.sav.sk\/wp\/index.php?rest_route=%2Fwp%2Fv2%2Fmedia&parent=75"}],"curies":[{"name":"wp","href":"https:\/\/api.w.org\/{rel}","templated":true}]}}

O nás

<p>Ústav svetovej literatúry SAV, v. v. i.</p>
<ul>
<li>orientuje sa na základný výskum v oblasti teórie literatúry, porovnávacej literárnej vedy a translatológie;</li>
<li>venuje sa výskumu literárnych smerov, žánrov a kultúr, ako aj dejinám recepcie inonárodných literatúr na Slovensku;</li>
<li>zameriava sa na dialóg o súčasných výskumných témach s príbuznými disciplínami predovšetkým v rámci humanitných vied;</li>
<li>do vedeckovýskumnej činnosti sa zapájajú aj študenti a študentky <a href="https://usvl.sav.sk/wp/?page_id=235">doktorandského štúdia</a>, ktoré sa realizuje v spolupráci s Filozofickou fakultou Univerzity Komenského v Bratislave v odbore Filológia študijnom programe Literárna veda;</li>
<li>spolupracuje s partnerskými inštitúciami na Slovensku, ako aj v zahraničí &#8211; patria k nim spoločenskovedné pracoviská SAV, domáce a zahraničné univerzity a vedecké inštitúcie, zahraničné zastupiteľstvá a kultúrne inštitúty, spisovateľské organizácie, literárne a kultúrne spoločnosti a pod.;</li>
<li>neoddeliteľnou súčasťou vedeckovýskumnej činnosti ústavu je aj propagácia literárnej kultúry a vzdelanosti na domácich i zahraničných fórach &#8211; viacerí vedeckí pracovníci a pracovníčky ústavu pôsobia aj v oblasti odborného a umeleckého prekladu;</li>
<li>je miestom slobodného bádania a spoločensky relevantných diskusií o rôznych aspektoch literatúry pre širšiu domácu a zahraničnú vedeckú komunitu &#8211; s týmto cieľom pravidelne organizuje verejne prístupné prednášky humanitných vedcov a vedkýň zo Slovenska aj zahraničia;</li>
<li>vydáva medzinárodný vedecký open access časopis <a href="https://wls.sav.sk/">World Literature Studies</a>.</li>
</ul>

<p>Ústav svetovej literatúry SAV, v. v. i. orientuje sa na základný výskum v oblasti teórie literatúry, porovnávacej literárnej vedy a translatológie; venuje sa výskumu literárnych smerov, žánrov a kultúr, ako aj dejinám recepcie inonárodných literatúr na Slovensku; zameriava sa na dialóg o súčasných výskumných témach s príbuznými disciplínami predovšetkým v rámci humanitných vied; do vedeckovýskumnej &hellip; <a href="https://usvl.sav.sk/wp/?page_id=75" class="more-link">Pokračovať na <span class="screen-reader-text">O nás</span> <span class="meta-nav">&rarr;</span></a></p>
