{"id":9677,"date":"2025-03-31T11:32:46","date_gmt":"2025-03-31T11:32:46","guid":{"rendered":"https:\/\/usvl.sav.sk\/wp\/wp-content\/uploads\/Pozvanka_A_Bzoch_Holandske_portrety_II.jpeg"},"modified":"2025-03-31T11:32:46","modified_gmt":"2025-03-31T11:32:46","slug":"pozvanka_a_bzoch_holandske_portrety_ii","status":"inherit","type":"attachment","link":"https:\/\/usvl.sav.sk\/wp\/?attachment_id=9677","title":{"rendered":"Pozv\u00e1nka_A_B\u017eoch_Holandsk\u00e9_portr\u00e9ty_II"},"author":1,"featured_media":0,"comment_status":"","ping_status":"closed","template":"","meta":[],"class_list":["post-9677","attachment","type-attachment","status-inherit","hentry"],"description":{"rendered":"<p class=\"attachment\"><a href='https:\/\/usvl.sav.sk\/wp\/wp-content\/uploads\/Pozvanka_A_Bzoch_Holandske_portrety_II.jpeg'><img loading=\"lazy\" decoding=\"async\" width=\"211\" height=\"300\" src=\"https:\/\/usvl.sav.sk\/wp\/wp-content\/uploads\/Pozvanka_A_Bzoch_Holandske_portrety_II-211x300.jpeg\" class=\"attachment-medium size-medium\" alt=\"\" srcset=\"https:\/\/usvl.sav.sk\/wp\/wp-content\/uploads\/Pozvanka_A_Bzoch_Holandske_portrety_II-211x300.jpeg 211w, https:\/\/usvl.sav.sk\/wp\/wp-content\/uploads\/Pozvanka_A_Bzoch_Holandske_portrety_II-722x1024.jpeg 722w, https:\/\/usvl.sav.sk\/wp\/wp-content\/uploads\/Pozvanka_A_Bzoch_Holandske_portrety_II-768x1090.jpeg 768w, https:\/\/usvl.sav.sk\/wp\/wp-content\/uploads\/Pozvanka_A_Bzoch_Holandske_portrety_II.jpeg 874w\" sizes=\"auto, (max-width: 211px) 100vw, 211px\" \/><\/a><\/p>\n"},"caption":{"rendered":""},"alt_text":"","media_type":"image","mime_type":"image\/jpeg","media_details":{"width":874,"height":1240,"file":"Pozvanka_A_Bzoch_Holandske_portrety_II.jpeg","filesize":127868,"sizes":{"medium":{"file":"Pozvanka_A_Bzoch_Holandske_portrety_II-211x300.jpeg","width":211,"height":300,"filesize":13242,"mime_type":"image\/jpeg","source_url":"https:\/\/usvl.sav.sk\/wp\/wp-content\/uploads\/Pozvanka_A_Bzoch_Holandske_portrety_II-211x300.jpeg"},"large":{"file":"Pozvanka_A_Bzoch_Holandske_portrety_II-722x1024.jpeg","width":722,"height":1024,"filesize":84715,"mime_type":"image\/jpeg","source_url":"https:\/\/usvl.sav.sk\/wp\/wp-content\/uploads\/Pozvanka_A_Bzoch_Holandske_portrety_II-722x1024.jpeg"},"thumbnail":{"file":"Pozvanka_A_Bzoch_Holandske_portrety_II-150x150.jpeg","width":150,"height":150,"filesize":6587,"mime_type":"image\/jpeg","source_url":"https:\/\/usvl.sav.sk\/wp\/wp-content\/uploads\/Pozvanka_A_Bzoch_Holandske_portrety_II-150x150.jpeg"},"medium_large":{"file":"Pozvanka_A_Bzoch_Holandske_portrety_II-768x1090.jpeg","width":768,"height":1090,"filesize":92314,"mime_type":"image\/jpeg","source_url":"https:\/\/usvl.sav.sk\/wp\/wp-content\/uploads\/Pozvanka_A_Bzoch_Holandske_portrety_II-768x1090.jpeg"},"post-thumbnail":{"file":"Pozvanka_A_Bzoch_Holandske_portrety_II-604x270.jpeg","width":604,"height":270,"filesize":21251,"mime_type":"image\/jpeg","source_url":"https:\/\/usvl.sav.sk\/wp\/wp-content\/uploads\/Pozvanka_A_Bzoch_Holandske_portrety_II-604x270.jpeg"},"full":{"file":"Pozvanka_A_Bzoch_Holandske_portrety_II.jpeg","width":874,"height":1240,"mime_type":"image\/jpeg","source_url":"https:\/\/usvl.sav.sk\/wp\/wp-content\/uploads\/Pozvanka_A_Bzoch_Holandske_portrety_II.jpeg"}},"image_meta":{"aperture":"0","credit":"","camera":"","caption":"","created_timestamp":"0","copyright":"","focal_length":"0","iso":"0","shutter_speed":"0","title":"","orientation":"0","keywords":[]}},"post":9675,"source_url":"https:\/\/usvl.sav.sk\/wp\/wp-content\/uploads\/Pozvanka_A_Bzoch_Holandske_portrety_II.jpeg","_links":{"self":[{"href":"https:\/\/usvl.sav.sk\/wp\/index.php?rest_route=\/wp\/v2\/media\/9677","targetHints":{"allow":["GET"]}}],"collection":[{"href":"https:\/\/usvl.sav.sk\/wp\/index.php?rest_route=\/wp\/v2\/media"}],"about":[{"href":"https:\/\/usvl.sav.sk\/wp\/index.php?rest_route=\/wp\/v2\/types\/attachment"}],"author":[{"embeddable":true,"href":"https:\/\/usvl.sav.sk\/wp\/index.php?rest_route=\/wp\/v2\/users\/1"}],"replies":[{"embeddable":true,"href":"https:\/\/usvl.sav.sk\/wp\/index.php?rest_route=%2Fwp%2Fv2%2Fcomments&post=9677"}],"wp:attached-to":[{"embeddable":true,"post_type":"post","id":9675,"href":"https:\/\/usvl.sav.sk\/wp\/index.php?rest_route=\/wp\/v2\/posts\/9675"}],"curies":[{"name":"wp","href":"https:\/\/api.w.org\/{rel}","templated":true}]}}

Pozvánka_A_Bžoch_Holandské_portréty_II
